the greatest common divisor of 3958878 and 574750?
4598
Calculate the highest common factor of 7076 and 11236444.
244
What is the greatest common divisor of 9323908 and 91124?
836
What is the greatest common factor of 90 and 15493350?
30
What is the highest common factor of 104383827 and 4797?
369
Calculate the highest common factor of 12874 and 2252322.
314
Calculate the greatest common divisor of 144 and 2164878.
18
Calculate the highest common divisor of 4306400 and 7525.
175
Calculate the greatest common divisor of 9360434 and 1030.
206
What is the highest common divisor of 111 and 8217669?
3
Calculate the highest common factor of 384926818 and 17.
17
What is the highest common divisor of 1145 and 63734135?
1145
What is the highest common factor of 13 and 58283719?
13
What is the highest common divisor of 15983 and 110?
11
What is the greatest common divisor of 65508 and 85181?
103
What is the highest common factor of 2627602231 and 4969?
4969
What is the highest common divisor of 133681 and 450475?
37
What is the highest common factor of 400 and 464720?
80
Calculate the greatest common divisor of 648 and 583341588.
324
What is the highest common divisor of 11749517 and 13?
13
What is the highest common divisor of 5930 and 23285?
5
Calculate the highest common divisor of 133 and 31637356.
19
Calculate the greatest common factor of 157903724 and 201.
67
What is the greatest common divisor of 19852392 and 3458?
14
What is the greatest common factor of 284813584 and 5296?
5296
What is the greatest common divisor of 51 and 23233713?
51
What is the highest common divisor of 22048 and 443027?
689
Calculate the highest common factor of 522396 and 854767.
691
Calculate the highest common divisor of 1936 and 16038000.
176
What is the greatest common divisor of 12768660 and 468?
36
Calculate the highest common factor of 7 and 12250805.
7
What is the highest common divisor of 123 and 64292059?
41
Calculate the highest common factor of 942600 and 10800.
600
Calculate the highest common factor of 145174528 and 460.
92
What is the greatest common factor of 4418270115 and 21?
21
Calculate the highest common divisor of 904 and 267080.
8
What is the greatest common divisor of 11905711 and 18490?
1849
What is the highest common divisor of 88684340 and 10?
10
What is the highest common factor of 32010041 and 14?
7
Calculate the greatest common divisor of 23772 and 23254.
14
What is the highest common divisor of 19520 and 800625?
305
What is the greatest common factor of 4012666 and 742?
14
What is the highest common factor of 923528 and 184?
8
Calculate the highest common factor of 898297 and 564026.
901
What is the highest common divisor of 12 and 2933857812?
12
What is the greatest common divisor of 166 and 105952654?
166
What is the highest common divisor of 179853168 and 1272?
1272
What is the greatest common divisor of 111758661 and 7380?
369
Calculate the highest common divisor of 2458909 and 925.
37
Calculate the highest common divisor of 80989798 and 1052.
526
Calculate the greatest common factor of 19844510 and 28.
14
What is the greatest common divisor of 1778530608 and 108?
108
What is the greatest common divisor of 4784 and 1932944?
208
Calculate the highest common factor of 27 and 94044411.
9
What is the highest common divisor of 461961348 and 115?
23
What is the greatest common divisor of 6 and 4614279?
3
What is the highest common factor of 15 and 1924587990?
15
Calculate the highest common divisor of 734 and 85368971.
367
What is the highest common factor of 20121 and 11949936?
57
Calculate the greatest common divisor of 2136 and 32818572.
1068
What is the highest common divisor of 6830668 and 102544?
884
Calculate the greatest common factor of 4737897 and 6489.
927
What is the greatest common factor of 7375872 and 1776?
48
Calculate the greatest common factor of 594 and 819577.
11
Calculate the greatest common factor of 203522 and 754.
58
What is the highest common factor of 2867 and 6263267?
47
Calculate the greatest common divisor of 276790 and 31595.
445
Calculate the highest common factor of 15556600 and 328.
8
Calculate the greatest common factor of 97805790 and 210.
30
What is the greatest common divisor of 77372680 and 350?
70
What is the greatest common divisor of 1325 and 75425?
25
What is the highest common divisor of 57 and 13757691?
57
Calculate the highest common factor of 12089 and 478222.
157
Calculate the greatest common factor of 2847613 and 183985.
1187
Calculate the greatest common factor of 1758 and 153096.
6
What is the greatest common factor of 341 and 407061?
31
What is the greatest common divisor of 281652 and 88620?
84
What is the greatest common factor of 2248 and 6943791?
281
Calculate the greatest common divisor of 195440056 and 4156.
4156
Calculate the highest common factor of 168 and 99552.
24
What is the greatest common divisor of 2158056 and 203013?
2781
Calculate the greatest common factor of 17757 and 270164863.
1973
Calculate the greatest common divisor of 1219008 and 41472.
192
What is the greatest common factor of 5560 and 180890?
10
Calculate the highest common factor of 455 and 9961588.
91
Calculate the highest common divisor of 795672 and 4369.
257
What is the highest common divisor of 19010 and 1250?
10
What is the highest common divisor of 4390 and 24370?
10
Calculate the greatest common divisor of 8022 and 2626667526.
8022
Calculate the greatest common divisor of 2899357 and 9361.
851
What is the highest common factor of 10 and 1486025200?
10
What is the highest common factor of 2007 and 3703361?
223
Calculate the highest common divisor of 79226352 and 196404.
15108
What is the greatest common divisor of 2133622087 and 8443?
8443
What is the highest common divisor of 5845 and 1517362?
1169
What is the highest common factor of 12210520 and 224?
56
What is the highest common divisor of 210 and 669606?
42
Calculate the greatest common factor of 484 and 2667698.
22
Calculate the highest common factor of 16639944 and 367941.
7509
Calculate the greatest common divisor of 1397874 and 141.
141
What is the highest common divisor of 5448 and 202913484?
2724
Calculate the greatest common divisor of 157410 and 12084.
318
What is the highest common factor of 627 and 925089?
33
Calculate the highest common factor of 36268944 and 32.
16
Calculate the highest common factor of 1045 and 57522785.
95
Calculate the highest common divisor of 11520 and 1010560.
640
What is the highest common factor of 418678 and 702?
26
What is the highest common divisor of 2624 and 368672?
1312
What is the greatest common divisor of 25 and 27655325?
25
Calculate the greatest common factor of 185148 and 1702.
74
What is the greatest common factor of 338115824 and 736?
368
What is the highest common factor of 38205 and 870?
15
What is the greatest common factor of 283920 and 4326?
42
Calculate the greatest common divisor of 12565 and 28087801.
2513
Calculate the highest common factor of 112 and 8449644.
28
Calculate the highest common divisor of 2764930 and 126.
14
Calculate the highest common divisor of 245000 and 15800.
200
What is the highest common factor of 1685775 and 270959?
247
Calculate the highest common factor of 288498 and 27321.
21
Calculate the greatest common factor of 212050 and 6835.
5
Calculate the greatest common factor of 61361 and 15136.
43
Calculate the highest common factor of 1837602 and 1872.
234
What is the greatest common factor of 4122 and 13435659?
2061
Calculate the greatest common factor of 33216 and 3051.
3
What is the highest common factor of 2185 and 1186018?
437
What is the highest common factor of 11 and 4220227?
11
What is the greatest common factor of 1730 and 875470?
10
Calculate the greatest common factor of 68309 and 15853.
83
Calculate the highest common divisor of 2880 and 5466600.
360
What is the highest common factor of 41849895 and 60?
15
What is the highest common divisor of 158352 and 116304?
48
Calculate the greatest common divisor of 286724280 and 1698.
1698
Calculate the highest common factor of 3427 and 227562.
23
Calculate the highest common divisor of 71986275 and 13320.
1665
Calculate the highest common factor of 1562 and 16918.
22
Calculate the greatest common factor of 33633390